e the greatest common factor of 9 and c.
9
Let q be -3 + (42 - (2 + -1)). What is the highest common divisor of q and 19?
19
Let d be 0/(-3 + 6) - -4. Suppose -x = 2*x + d*r, x - 2*r = 10. Suppose 53 = -a + x*a + 4*b, -2*a + 3*b = -7. What is the highest common divisor of 121 and a?
11
Suppose -17*q = 3*c - 12*q - 118, -q + 2 = 0. Let g(j) = -5*j - 1. Let x be g(-1). Calculate the greatest common factor of c and x.
4
Let o be ((-33)/2)/(15/(-160)). Suppose -c + 2*k = -18, -3*c + 68 = -0*c + k. Calculate the highest common divisor of c and o.
22
Let y = -84 - -11. Suppose 4*p = -28 - 48. Let b = p - y. Calculate the highest common divisor of 6 and b.
6
Suppose -3*s = -s - 4. Let i be 1/s - (-17)/2. What is the greatest common divisor of i and 99?
9
Let b be (-33 + 13)/((-2)/4). What is the highest common divisor of b and 10?
10
Let p = -5 + 7. Suppose 6 = -0*c + p*c. Suppose -w + 6 = c*s, -w = -2*w + 5*s - 2. Calculate the highest common factor of w and 2.
1
Let u be 205 + 4/(-2) + (2 - 0). What is the highest common factor of 82 and u?
41
Suppose 0 = -2*n - 3*q + 52, -5*n + 0*q + 88 = -3*q. Calculate the greatest common divisor of 8 and n.
4
Let h(y) = -y**3 - 8*y**2 - 7*y + 8. Let n be h(-7). Let b be n + 0 - (0 + -1). Calculate the highest common divisor of b and 27.
9
Let y = 149 + -212. Let a = y - -123. Let f = 51 + -27. What is the highest common divisor of a and f?
12
Let u(v) = -v**2 - 12*v + 17. Let a be u(-13). What is the greatest common divisor of a and 28?
4
Let r(t) = t**3 - t**2 - t + 1. Let g be r(3). Suppose 880 = l + 4*l. Calculate the greatest common factor of g and l.
16
Let w = 3 - -11. What is the greatest common factor of w and 70?
14
Let i(m) be the first derivative of 87*m**2 + 2*m + 10. Let p be i(1). Let h = -42 - -64. What is the greatest common factor of p and h?
22
Suppose 2 = u - 10. Let s(t) = t**3 + 6*t**2 + 6*t + 6. Let i be s(-4). Let c be (6/(-7))/((-1)/i). Calculate the greatest common divisor of c and u.
12
Suppose 22 = b + 2*p, -2*p = b + p - 21. What is the greatest common factor of 60 and b?
12
Let u(y) = -y**2 + 1. Let s be u(0). Let v be 12 + s/(-1) + -3. What is the greatest common divisor of v and 4?
4
Let a be 12/(-8)*2*-1. Let l(v) = 0 - v**2 + 2*v**2 + 2. Let o be l(a). Calculate the greatest common divisor of 33 and o.
11
Suppose -3*p + 14 = -1, 4*z + p = 13. Let s be 2*z/(-8)*-64. What is the highest common divisor of s and 4?
4
Let v(g) = 3*g**2 - 6*g**2 + 2 + 4*g**2 - 5*g. Let f be v(5). Suppose y = -f*s + 2, -4*s - 32 = -4*y + 3*y. Calculate the greatest common divisor of y and 84.
12
Let p(y) = -11*y - 1. Let o be p(-5). What is the highest common factor of 189 and o?
27
Suppose 1 = m + m - 3*b, -47 = -4*m - 3*b. Calculate the greatest common divisor of m and 16.
8
Suppose -5*r - u + 28 = -16, -r = -5*u - 14. Let b be 4 - (-71 - (-3)/1). What is the highest common factor of r and b?
9
Suppose -67 = -5*z + 73. Calculate the greatest common divisor of z and 224.
28
Let z(i) = 2*i + 3. Let l be z(-4). Let b(u) = 2*u**2 + 6*u. Let a be b(l). Calculate the greatest common factor of a and 4.
4
Let b be -8*(-1 - (-7)/4). Let w be (0/2)/(2 + -3). Let r be (72 - w)*b/(-9). Calculate the highest common divisor of r and 32.
16
Let y(k) = 11*k - 21. Let n be y(16). What is the highest common divisor of n and 31?
31
Let n be 20*-2*(-2 - -1). Let a be 4/(-18) - n/(-18). Suppose -w = 5*o + 1 + 6, -4*w - 2*o + 26 = 0. What is the greatest common divisor of w and a?
2
Suppose -4*x + 5*p = 2*p - 3, 3*x + 14 = -p. Let c be 0/x + 1 - -53. What is the greatest common factor of c and 18?
18
Suppose 4*f + q - 63 = 0, 0*q + 43 = 3*f + 5*q. What is the greatest common factor of f and 24?
8
Suppose -3*b = -2*i + 21 + 33, -4*i = -b - 98. Calculate the greatest common divisor of 3 and i.
3
Let v be 4/(-10) - (-6)/(-10). Let z = v + 1. Suppose z = -4*p - 4*r + 32, 3*p + 2*r - 4*r - 44 = 0. Calculate the highest common divisor of 24 and p.
12
Let u be ((-2)/4)/((-2)/8). Suppose 0 = u*t + t - 378. What is the greatest common divisor of 18 and t?
18
Suppose -t = -3*u + 229, 17 = -5*t - 3. What is the highest common factor of 25 and u?
25
Suppose 7*q + 2*d = 4*q + 37, 0 = 5*q - d - 79. Suppose -19 = 5*z - 244. What is the highest common divisor of z and q?
15
Suppose 14 = 2*m - 0*c - 5*c, -4*m + 2*c + 12 = 0. Suppose 4*o = -5*j + 22 + 5, 0 = -j - o + 6. What is the greatest common divisor of m and j?
1
Let o = 232 + -97. Suppose -34 = -5*p + 5*l + 141, -3*l = -4*p + o. Calculate the highest common divisor of p and 150.
30
Let n be (-6)/(-9) + 344/6. Let b = n - 31. What is the highest common divisor of 3 and b?
3
Let q be 9/6*(-40)/6. Let v = q + 16. Let m = -132 + 198. What is the greatest common factor of m and v?
6
Let h be (3/(-6))/(1/(-684)). Calculate the greatest common divisor of 38 and h.
38
Let n(u) = 7*u - 24. Let h be n(9). What is the highest common divisor of 26 and h?
13
Suppose 44 = 3*f + 4*o, -3*f + 2*f - o = -15. Let p(r) = -r**2 - 11*r - 6. Let j be p(-6). Calculate the highest common divisor of f and j.
8
Suppose -5*n - g - 18 = -72, g = -1. Suppose -16 = -2*c - 2*c. Let i = n - c. Calculate the greatest common divisor of 14 and i.
7
Let m(n) = -5*n - 21. Let d be m(-8). Calculate the greatest common divisor of 171 and d.
19
Let t be 2/(2/1) - -6. Let g be 7 - (-1 + (1 - -2)). Let i = t + g. What is the highest common divisor of 8 and i?
4
Let c(i) = -7*i + 3. Let m be c(-14). Suppose 0 = -4*q + 27 + m. What is the highest common factor of 4 and q?
4
Let m(y) = -y - 2. Let b be m(-2). Suppose -a = -b*a - 5. What is the greatest common factor of 55 and a?
5
Let i = -11 - -26. Let b = -149 - -194. What is the highest common divisor of b and i?
15
Suppose 2*i - 2 = -2*f + 10, -i = 4*f - 3. Calculate the highest common factor of i and 42.
7
Let j be 20/2 + -8 + 7. What is the greatest common divisor of 18 and j?
9
Let x = -14 + 16. Let o = 7 + x. Calculate the greatest common factor of o and 27.
9
Let w(q) = -q**3 - 5*q**2 - 5*q - 5. Let m be w(-4). Let i be (0 - (-1 + m)) + -2. Let c be 3/(3/55) - i. What is the highest common factor of 5 and c?
5
Let m = -9 - -15. Let g be 141/m - (-2)/4. What is the highest common divisor of g and 3?
3
Let f(v) = -4*v - 28. Let q be f(-13). Calculate the highest common divisor of 3 and q.
3
Suppose 2*x + 3 = 19. Suppose 0 = -2*y - 3*q - 7, -2*y + 2*q + 9 = y. Let c be (-4 + y - 1)*-4. What is the greatest common factor of c and x?
8
Let v(h) = -7*h - 2. Let a be v(-1). Suppose 0 = -a*t + 2*j - 3, t + j + 4*j = 21. What is the highest common divisor of t and 1?
1
Suppose 3*l + 5*a - 2 = 24, 5*a - 16 = 2*l. Suppose -4*z + 70 = -2*x, 5*z - 26 = 3*z - 2*x. What is the highest common factor of l and z?
2
Let w be -3 + 17 + 6/2. Suppose -z + l = -l - w, z - 17 = -2*l. What is the highest common divisor of z and 17?
17
Suppose -4*j - 3 + 111 = 0. What is the greatest common divisor of 18 and j?
9
Suppose 0 = 17*v - 26*v + 342. Calculate the highest common divisor of v and 19.
19
Let n(g) = g**2 - 8*g - 33. Let h be n(12). What is the greatest common factor of h and 6?
3
Let x(z) = 7*z**3 - 4*z**2 - 7*z + 18. Let a be x(4). What is the greatest common divisor of 34 and a?
34
Let y(n) = 2*n**2 - 3. Let s be y(3). Suppose 0 = -3*o + 2*z + 501, 3*o + 0*o - 489 = -2*z. Calculate the greatest common factor of o and s.
15
Let d = 24 - 20. Suppose -l = 5*g + 13 - 99, -65 = -d*g + 3*l. Calculate the greatest common factor of g and 17.
17
Let h = 2 - 3. Let y be 3 - (-2 - (-11)/h). What is the greatest common divisor of 160 and y?
16
Suppose -53 = -s + 19. Suppose -5*f = -3*d - 3*f + 27, -4*d = -3*f - 36. Calculate the highest common divisor of s and d.
9
Let l = 132 + -56. Calculate the greatest common factor of l and 19.
19
Let a(g) = -g**3 + g + 35. Let d be a(0). Let s = 18 - -15. Let y be 2/(6/s) + 3. Calculate the highest common divisor of d and y.
7
Let u = 24 - -31. Let f = 4 - 1. Suppose -2*d = p - 20, -8*p + 5*d + 115 = -f*p. Calculate the highest common divisor of u and p.
11
Let a be (3/2)/((-96)/(-1792)). What is the greatest common divisor of a and 7?
7
Let c be (-3)/(-6) - 11/(-2). What is the highest common divisor of c and 60?
6
Suppose -4*x + 9 = -15. Suppose -3*y 